{"id":6989,"date":"2025-08-11T05:42:00","date_gmt":"2025-08-11T05:42:00","guid":{"rendered":"https:\/\/findyourmagic.se\/?page_id=6989"},"modified":"2025-08-11T05:43:33","modified_gmt":"2025-08-11T05:43:33","slug":"inspiration","status":"publish","type":"page","link":"https:\/\/findyourmagic.se\/?page_id=6989","title":{"rendered":"Inspiration"},"content":{"rendered":"\t\t<div data-elementor-type=\"wp-page\" data-elementor-id=\"6989\" class=\"elementor elementor-6989\" data-elementor-post-type=\"page\">\n\t\t\t\t<div class=\"elementor-element elementor-element-d8cc05d e-flex e-con-boxed e-con e-parent\" data-id=\"d8cc05d\" data-element_type=\"container\">\n\t\t\t\t\t<div class=\"e-con-inner\">\n\t\t<div class=\"elementor-element elementor-element-d8903cd e-con-full e-flex e-con e-child\" data-id=\"d8903cd\" data-element_type=\"container\">\n\t\t\t\t<div class=\"elementor-element elementor-element-9ffe793 elementor-invisible elementor-widget elementor-widget-image\" data-id=\"9ffe793\" data-element_type=\"widget\" data-settings=\"{&quot;_animation&quot;:&quot;rotateIn&quot;}\" data-widget_type=\"image.default\">\n\t\t\t\t<div class=\"elementor-widget-container\">\n\t\t\t\t\t\t\t\t\t\t\t\t\t\t\t<img fetchpriority=\"high\" decoding=\"async\" width=\"189\" height=\"300\" src=\"https:\/\/findyourmagic.se\/wp-content\/uploads\/2025\/07\/bokenomemma-189x300.jpeg\" class=\"attachment-medium size-medium wp-image-6544\" alt=\"boken om emma frihet inre resa digital nomad\" srcset=\"https:\/\/findyourmagic.se\/wp-content\/uploads\/2025\/07\/bokenomemma-189x300.jpeg 189w, https:\/\/findyourmagic.se\/wp-content\/uploads\/2025\/07\/bokenomemma.jpeg 383w\" sizes=\"(max-width: 189px) 100vw, 189px\" \/>\t\t\t\t\t\t\t\t\t\t\t\t\t\t\t<\/div>\n\t\t\t\t<\/div>\n\t\t\t\t<\/div>\n\t\t<div class=\"elementor-element elementor-element-bde4abf e-con-full e-flex e-con e-child\" data-id=\"bde4abf\" data-element_type=\"container\">\n\t\t\t\t<div class=\"elementor-element elementor-element-b489612 elementor-widget elementor-widget-heading\" data-id=\"b489612\" data-element_type=\"widget\" data-widget_type=\"heading.default\">\n\t\t\t\t<div class=\"elementor-widget-container\">\n\t\t\t\t\t<h2 class=\"elementor-heading-title elementor-size-default\">Boken om Emma<\/h2>\t\t\t\t<\/div>\n\t\t\t\t<\/div>\n\t\t\t\t<div class=\"elementor-element elementor-element-e4b1ddd elementor-widget elementor-widget-text-editor\" data-id=\"e4b1ddd\" data-element_type=\"widget\" data-widget_type=\"text-editor.default\">\n\t\t\t\t<div class=\"elementor-widget-container\">\n\t\t\t\t\t\t\t\t\t<p><em data-start=\"3590\" data-end=\"3622\">F\u00f6lj Emmas inre och yttre resa<\/em><\/p><p>En sj\u00e4lslig roman f\u00f6r dig som l\u00e4ngtar hem \u2013 till dig sj\u00e4lv.<br data-start=\"2045\" data-end=\"2048\" \/>Emma reser genom platser, minnen och mod. Hon s\u00f6ker inte \u00e4ventyr \u2013 hon s\u00f6ker frihet.<br data-start=\"2132\" data-end=\"2135\" \/>Och kanske kommer hon n\u00e4rmare \u00e4n hon tror.<\/p><p>K\u00f6p boken p\u00e5 till exempel Adlibris, Bokus, Akademibokhandeln.<\/p>\t\t\t\t\t\t\t\t<\/div>\n\t\t\t\t<\/div>\n\t\t\t\t<\/div>\n\t\t\t\t\t<\/div>\n\t\t\t\t<\/div>\n\t\t<div class=\"elementor-element elementor-element-d9c2ce1 e-flex e-con-boxed e-con e-parent\" data-id=\"d9c2ce1\" data-element_type=\"container\" data-settings=\"{&quot;background_background&quot;:&quot;classic&quot;}\">\n\t\t\t\t\t<div class=\"e-con-inner\">\n\t\t\t\t<div class=\"elementor-element elementor-element-104c9ff elementor-widget elementor-widget-menu-anchor\" data-id=\"104c9ff\" data-element_type=\"widget\" data-widget_type=\"menu-anchor.default\">\n\t\t\t\t<div class=\"elementor-widget-container\">\n\t\t\t\t\t\t\t<div class=\"elementor-menu-anchor\" id=\"signature\"><\/div>\n\t\t\t\t\t\t<\/div>\n\t\t\t\t<\/div>\n\t\t\t\t<div class=\"elementor-element elementor-element-adceb0c elementor-widget elementor-widget-heading\" data-id=\"adceb0c\" data-element_type=\"widget\" data-widget_type=\"heading.default\">\n\t\t\t\t<div class=\"elementor-widget-container\">\n\t\t\t\t\t<h2 class=\"elementor-heading-title elementor-size-default\">Visste du?<\/h2>\t\t\t\t<\/div>\n\t\t\t\t<\/div>\n\t\t\t\t<div class=\"elementor-element elementor-element-6d4b59a elementor-widget elementor-widget-text-editor\" data-id=\"6d4b59a\" data-element_type=\"widget\" data-widget_type=\"text-editor.default\">\n\t\t\t\t<div class=\"elementor-widget-container\">\n\t\t\t\t\t\t\t\t\t<p>Find your magic\u00ae har en egen signaturl\u00e5t \u2013 skapad av Sassaia.<br data-start=\"3494\" data-end=\"3497\" \/>Nu p\u00e5 Spotify!<\/p><p><a href=\"https:\/\/open.spotify.com\/track\/7EgjbBMUUpGvD0MfE3eV1B?si=a7219bda6b8847db\">Lyssna p\u00e5 Spotify h\u00e4r.<\/a><\/p>\t\t\t\t\t\t\t\t<\/div>\n\t\t\t\t<\/div>\n\t\t\t\t<div class=\"elementor-element elementor-element-1ea703b elementor-widget elementor-widget-html\" data-id=\"1ea703b\" data-element_type=\"widget\" data-widget_type=\"html.default\">\n\t\t\t\t<div class=\"elementor-widget-container\">\n\t\t\t\t\t<iframe style=\"border-radius:12px\" src=\"https:\/\/open.spotify.com\/embed\/track\/7EgjbBMUUpGvD0MfE3eV1B?utm_source=generator\" width=\"80%\" height=\"152\" frameBorder=\"0\" allowfullscreen=\"\" allow=\"autoplay; clipboard-write; encrypted-media; fullscreen; picture-in-picture\" loading=\"lazy\"><\/iframe>\t\t\t\t<\/div>\n\t\t\t\t<\/div>\n\t\t\t\t\t<\/div>\n\t\t\t\t<\/div>\n\t\t<div class=\"elementor-element elementor-element-6cbdc47 e-flex e-con-boxed e-con e-parent\" data-id=\"6cbdc47\" data-element_type=\"container\">\n\t\t\t\t\t<div class=\"e-con-inner\">\n\t\t\t\t<div class=\"elementor-element elementor-element-0295e64 elementor-widget elementor-widget-spacer\" data-id=\"0295e64\" data-element_type=\"widget\" data-widget_type=\"spacer.default\">\n\t\t\t\t<div class=\"elementor-widget-container\">\n\t\t\t\t\t\t\t<div class=\"elementor-spacer\">\n\t\t\t<div class=\"elementor-spacer-inner\"><\/div>\n\t\t<\/div>\n\t\t\t\t\t\t<\/div>\n\t\t\t\t<\/div>\n\t\t\t\t\t<\/div>\n\t\t\t\t<\/div>\n\t\t\t\t<\/div>\n\t\t","protected":false},"excerpt":{"rendered":"<p>Boken om Emma F\u00f6lj Emmas inre och yttre resa En sj\u00e4lslig roman f\u00f6r dig som l\u00e4ngtar hem \u2013 till dig sj\u00e4lv.Emma reser genom platser, minnen och mod. Hon s\u00f6ker inte \u00e4ventyr \u2013 hon s\u00f6ker frihet.Och kanske kommer hon n\u00e4rmare \u00e4n hon tror. K\u00f6p boken p\u00e5 till exempel Adlibris, Bokus, Akademibokhandeln. Visste du? Find your magic\u00ae [&hellip;]<\/p>\n","protected":false},"author":1,"featured_media":0,"parent":0,"menu_order":0,"comment_status":"closed","ping_status":"closed","template":"","meta":{"footnotes":""},"class_list":["post-6989","page","type-page","status-publish","hentry"],"yoast_head":"<!-- This site is optimized with the Yoast SEO plugin v26.6 - https:\/\/yoast.com\/wordpress\/plugins\/seo\/ -->\n<title>Inspiration - Find your magic<\/title>\n<meta name=\"robots\" content=\"index, follow, max-snippet:-1, max-image-preview:large, max-video-preview:-1\" \/>\n<link rel=\"canonical\" href=\"https:\/\/findyourmagic.se\/?page_id=6989\" \/>\n<meta property=\"og:locale\" content=\"en_US\" \/>\n<meta property=\"og:type\" content=\"article\" \/>\n<meta property=\"og:title\" content=\"Inspiration - Find your magic\" \/>\n<meta property=\"og:description\" content=\"Boken om Emma F\u00f6lj Emmas inre och yttre resa En sj\u00e4lslig roman f\u00f6r dig som l\u00e4ngtar hem \u2013 till dig sj\u00e4lv.Emma reser genom platser, minnen och mod. Hon s\u00f6ker inte \u00e4ventyr \u2013 hon s\u00f6ker frihet.Och kanske kommer hon n\u00e4rmare \u00e4n hon tror. K\u00f6p boken p\u00e5 till exempel Adlibris, Bokus, Akademibokhandeln. Visste du? Find your magic\u00ae [&hellip;]\" \/>\n<meta property=\"og:url\" content=\"https:\/\/findyourmagic.se\/?page_id=6989\" \/>\n<meta property=\"og:site_name\" content=\"Find your magic\" \/>\n<meta property=\"article:publisher\" content=\"https:\/\/www.facebook.com\/kolmodins\" \/>\n<meta property=\"article:modified_time\" content=\"2025-08-11T05:43:33+00:00\" \/>\n<meta property=\"og:image\" content=\"https:\/\/findyourmagic.se\/wp-content\/uploads\/2025\/07\/bokenomemma.jpeg\" \/>\n\t<meta property=\"og:image:width\" content=\"383\" \/>\n\t<meta property=\"og:image:height\" content=\"609\" \/>\n\t<meta property=\"og:image:type\" content=\"image\/jpeg\" \/>\n<meta name=\"twitter:card\" content=\"summary_large_image\" \/>\n<meta name=\"twitter:label1\" content=\"Est. reading time\" \/>\n\t<meta name=\"twitter:data1\" content=\"1 minute\" \/>\n<script type=\"application\/ld+json\" class=\"yoast-schema-graph\">{\"@context\":\"https:\/\/schema.org\",\"@graph\":[{\"@type\":\"WebPage\",\"@id\":\"https:\/\/findyourmagic.se\/?page_id=6989\",\"url\":\"https:\/\/findyourmagic.se\/?page_id=6989\",\"name\":\"Inspiration - Find your magic\",\"isPartOf\":{\"@id\":\"https:\/\/findyourmagic.se\/#website\"},\"primaryImageOfPage\":{\"@id\":\"https:\/\/findyourmagic.se\/?page_id=6989#primaryimage\"},\"image\":{\"@id\":\"https:\/\/findyourmagic.se\/?page_id=6989#primaryimage\"},\"thumbnailUrl\":\"https:\/\/findyourmagic.se\/wp-content\/uploads\/2025\/07\/bokenomemma-189x300.jpeg\",\"datePublished\":\"2025-08-11T05:42:00+00:00\",\"dateModified\":\"2025-08-11T05:43:33+00:00\",\"breadcrumb\":{\"@id\":\"https:\/\/findyourmagic.se\/?page_id=6989#breadcrumb\"},\"inLanguage\":\"en-US\",\"potentialAction\":[{\"@type\":\"ReadAction\",\"target\":[\"https:\/\/findyourmagic.se\/?page_id=6989\"]}]},{\"@type\":\"ImageObject\",\"inLanguage\":\"en-US\",\"@id\":\"https:\/\/findyourmagic.se\/?page_id=6989#primaryimage\",\"url\":\"https:\/\/findyourmagic.se\/wp-content\/uploads\/2025\/07\/bokenomemma.jpeg\",\"contentUrl\":\"https:\/\/findyourmagic.se\/wp-content\/uploads\/2025\/07\/bokenomemma.jpeg\",\"width\":383,\"height\":609,\"caption\":\"boken om emma frihet inre resa digital nomad\"},{\"@type\":\"BreadcrumbList\",\"@id\":\"https:\/\/findyourmagic.se\/?page_id=6989#breadcrumb\",\"itemListElement\":[{\"@type\":\"ListItem\",\"position\":1,\"name\":\"Home\",\"item\":\"https:\/\/findyourmagic.se\/\"},{\"@type\":\"ListItem\",\"position\":2,\"name\":\"Inspiration\"}]},{\"@type\":\"WebSite\",\"@id\":\"https:\/\/findyourmagic.se\/#website\",\"url\":\"https:\/\/findyourmagic.se\/\",\"name\":\"Find your magic\",\"description\":\"Find your magic\",\"publisher\":{\"@id\":\"https:\/\/findyourmagic.se\/#organization\"},\"potentialAction\":[{\"@type\":\"SearchAction\",\"target\":{\"@type\":\"EntryPoint\",\"urlTemplate\":\"https:\/\/findyourmagic.se\/?s={search_term_string}\"},\"query-input\":{\"@type\":\"PropertyValueSpecification\",\"valueRequired\":true,\"valueName\":\"search_term_string\"}}],\"inLanguage\":\"en-US\"},{\"@type\":\"Organization\",\"@id\":\"https:\/\/findyourmagic.se\/#organization\",\"name\":\"Anna Kolmodin AB\",\"url\":\"https:\/\/findyourmagic.se\/\",\"logo\":{\"@type\":\"ImageObject\",\"inLanguage\":\"en-US\",\"@id\":\"https:\/\/findyourmagic.se\/#\/schema\/logo\/image\/\",\"url\":\"http:\/\/findyourmagic.se\/wp-content\/uploads\/2023\/09\/Find-your-magic-Facebook-inlagg-Liggande-3.png\",\"contentUrl\":\"http:\/\/findyourmagic.se\/wp-content\/uploads\/2023\/09\/Find-your-magic-Facebook-inlagg-Liggande-3.png\",\"width\":1200,\"height\":210,\"caption\":\"Anna Kolmodin AB\"},\"image\":{\"@id\":\"https:\/\/findyourmagic.se\/#\/schema\/logo\/image\/\"},\"sameAs\":[\"https:\/\/www.facebook.com\/kolmodins\"]}]}<\/script>\n<!-- \/ Yoast SEO plugin. -->","yoast_head_json":{"title":"Inspiration - Find your magic","robots":{"index":"index","follow":"follow","max-snippet":"max-snippet:-1","max-image-preview":"max-image-preview:large","max-video-preview":"max-video-preview:-1"},"canonical":"https:\/\/findyourmagic.se\/?page_id=6989","og_locale":"en_US","og_type":"article","og_title":"Inspiration - Find your magic","og_description":"Boken om Emma F\u00f6lj Emmas inre och yttre resa En sj\u00e4lslig roman f\u00f6r dig som l\u00e4ngtar hem \u2013 till dig sj\u00e4lv.Emma reser genom platser, minnen och mod. Hon s\u00f6ker inte \u00e4ventyr \u2013 hon s\u00f6ker frihet.Och kanske kommer hon n\u00e4rmare \u00e4n hon tror. K\u00f6p boken p\u00e5 till exempel Adlibris, Bokus, Akademibokhandeln. Visste du? Find your magic\u00ae [&hellip;]","og_url":"https:\/\/findyourmagic.se\/?page_id=6989","og_site_name":"Find your magic","article_publisher":"https:\/\/www.facebook.com\/kolmodins","article_modified_time":"2025-08-11T05:43:33+00:00","og_image":[{"width":383,"height":609,"url":"https:\/\/findyourmagic.se\/wp-content\/uploads\/2025\/07\/bokenomemma.jpeg","type":"image\/jpeg"}],"twitter_card":"summary_large_image","twitter_misc":{"Est. reading time":"1 minute"},"schema":{"@context":"https:\/\/schema.org","@graph":[{"@type":"WebPage","@id":"https:\/\/findyourmagic.se\/?page_id=6989","url":"https:\/\/findyourmagic.se\/?page_id=6989","name":"Inspiration - Find your magic","isPartOf":{"@id":"https:\/\/findyourmagic.se\/#website"},"primaryImageOfPage":{"@id":"https:\/\/findyourmagic.se\/?page_id=6989#primaryimage"},"image":{"@id":"https:\/\/findyourmagic.se\/?page_id=6989#primaryimage"},"thumbnailUrl":"https:\/\/findyourmagic.se\/wp-content\/uploads\/2025\/07\/bokenomemma-189x300.jpeg","datePublished":"2025-08-11T05:42:00+00:00","dateModified":"2025-08-11T05:43:33+00:00","breadcrumb":{"@id":"https:\/\/findyourmagic.se\/?page_id=6989#breadcrumb"},"inLanguage":"en-US","potentialAction":[{"@type":"ReadAction","target":["https:\/\/findyourmagic.se\/?page_id=6989"]}]},{"@type":"ImageObject","inLanguage":"en-US","@id":"https:\/\/findyourmagic.se\/?page_id=6989#primaryimage","url":"https:\/\/findyourmagic.se\/wp-content\/uploads\/2025\/07\/bokenomemma.jpeg","contentUrl":"https:\/\/findyourmagic.se\/wp-content\/uploads\/2025\/07\/bokenomemma.jpeg","width":383,"height":609,"caption":"boken om emma frihet inre resa digital nomad"},{"@type":"BreadcrumbList","@id":"https:\/\/findyourmagic.se\/?page_id=6989#breadcrumb","itemListElement":[{"@type":"ListItem","position":1,"name":"Home","item":"https:\/\/findyourmagic.se\/"},{"@type":"ListItem","position":2,"name":"Inspiration"}]},{"@type":"WebSite","@id":"https:\/\/findyourmagic.se\/#website","url":"https:\/\/findyourmagic.se\/","name":"Find your magic","description":"Find your magic","publisher":{"@id":"https:\/\/findyourmagic.se\/#organization"},"potentialAction":[{"@type":"SearchAction","target":{"@type":"EntryPoint","urlTemplate":"https:\/\/findyourmagic.se\/?s={search_term_string}"},"query-input":{"@type":"PropertyValueSpecification","valueRequired":true,"valueName":"search_term_string"}}],"inLanguage":"en-US"},{"@type":"Organization","@id":"https:\/\/findyourmagic.se\/#organization","name":"Anna Kolmodin AB","url":"https:\/\/findyourmagic.se\/","logo":{"@type":"ImageObject","inLanguage":"en-US","@id":"https:\/\/findyourmagic.se\/#\/schema\/logo\/image\/","url":"http:\/\/findyourmagic.se\/wp-content\/uploads\/2023\/09\/Find-your-magic-Facebook-inlagg-Liggande-3.png","contentUrl":"http:\/\/findyourmagic.se\/wp-content\/uploads\/2023\/09\/Find-your-magic-Facebook-inlagg-Liggande-3.png","width":1200,"height":210,"caption":"Anna Kolmodin AB"},"image":{"@id":"https:\/\/findyourmagic.se\/#\/schema\/logo\/image\/"},"sameAs":["https:\/\/www.facebook.com\/kolmodins"]}]}},"_links":{"self":[{"href":"https:\/\/findyourmagic.se\/index.php?rest_route=\/wp\/v2\/pages\/6989","targetHints":{"allow":["GET"]}}],"collection":[{"href":"https:\/\/findyourmagic.se\/index.php?rest_route=\/wp\/v2\/pages"}],"about":[{"href":"https:\/\/findyourmagic.se\/index.php?rest_route=\/wp\/v2\/types\/page"}],"author":[{"embeddable":true,"href":"https:\/\/findyourmagic.se\/index.php?rest_route=\/wp\/v2\/users\/1"}],"replies":[{"embeddable":true,"href":"https:\/\/findyourmagic.se\/index.php?rest_route=%2Fwp%2Fv2%2Fcomments&post=6989"}],"version-history":[{"count":9,"href":"https:\/\/findyourmagic.se\/index.php?rest_route=\/wp\/v2\/pages\/6989\/revisions"}],"predecessor-version":[{"id":6998,"href":"https:\/\/findyourmagic.se\/index.php?rest_route=\/wp\/v2\/pages\/6989\/revisions\/6998"}],"wp:attachment":[{"href":"https:\/\/findyourmagic.se\/index.php?rest_route=%2Fwp%2Fv2%2Fmedia&parent=6989"}],"curies":[{"name":"wp","href":"https:\/\/api.w.org\/{rel}","templated":true}]}}